s 0 (base 2) in base 5?
0
Convert -2220 (base 3) to base 14.
-58
Convert -11100110 (base 2) to base 10.
-230
1 (base 13) to base 11
1
Convert -2 (base 12) to base 16.
-2
0 (base 14) to base 10
0
What is -20 (base 3) in base 16?
-6
What is -4 (base 6) in base 10?
-4
Convert 2 (base 14) to base 6.
2
Convert -23 (base 5) to base 12.
-11
0 (base 2) to base 10
0
Convert 1101 (base 2) to base 5.
23
Convert -11 (base 5) to base 8.
-6
What is 0 (base 5) in base 14?
0
Convert 1101010 (base 2) to base 3.
10221
Convert -1 (base 10) to base 14.
-1
What is 52 (base 7) in base 16?
25
What is -16 (base 12) in base 7?
-24
What is -19 (base 12) in base 10?
-21
1 (base 16) to base 7
1
9 (base 11) to base 2
1001
Convert 0 (base 12) to base 3.
0
Convert 4 (base 8) to base 6.
4
-120 (base 4) to base 3
-220
What is -1 (base 11) in base 15?
-1
Convert -103 (base 5) to base 4.
-130
What is -1 (base 4) in base 6?
-1
1 (base 10) to base 9
1
Convert 420 (base 7) to base 14.
110
What is -3 (base 13) in base 7?
-3
What is 100 (base 2) in base 14?
4
Convert 8 (base 16) to base 14.
8
What is 2330 (base 4) in base 9?
228
What is 26 (base 7) in base 9?
22
-c (base 14) to base 10
-12
-124 (base 9) to base 10
-103
What is 57 (base 8) in base 12?
3b
Convert 51 (base 9) to base 6.
114
Convert -37 (base 15) to base 8.
-64
-184 (base 11) to base 3
-21220
Convert -3 (base 15) to base 4.
-3
101 (base 2) to base 3
12
12 (base 6) to base 16
8
Convert -10322 (base 4) to base 14.
-186
What is -61 (base 16) in base 11?
-89
What is -1 (base 4) in base 7?
-1
Convert -3 (base 6) to base 8.
-3
Convert 3 (base 6) to base 12.
3
What is 6 (base 8) in base 13?
6
23 (base 9) to base 15
16
What is 4 (base 11) in base 15?
4
1 (base 13) to base 15
1
-9a (base 13) to base 12
-a7
Convert 62 (base 16) to base 14.
70
Convert 1 (base 5) to base 16.
1
What is -10 (base 15) in base 12?
-13
-7e (base 16) to base 11
-105
What is 2 (base 3) in base 6?
2
Convert 27 (base 14) to base 3.
1022
-210 (base 3) to base 9
-23
What is 0 (base 11) in base 2?
0
Convert -12 (base 5) to base 10.
-7
What is -1 (base 14) in base 8?
-1
1 (base 13) to base 6
1
What is 6 (base 14) in base 3?
20
Convert 2 (base 15) to base 13.
2
-10 (base 9) to base 13
-9
110 (base 7) to base 14
40
7 (base 9) to base 13
7
Convert -3 (base 16) to base 15.
-3
Convert -51 (base 13) to base 10.
-66
What is 2 (base 15) in base 6?
2
What is 1 (base 5) in base 2?
1
-31 (base 6) to base 15
-14
Convert 21 (base 4) to base 3.
100
What is -21 (base 7) in base 11?
-14
Convert -27 (base 15) to base 9.
-41
What is -4 (base 9) in base 3?
-11
-134 (base 10) to base 5
-1014
What is 20 (base 5) in base 2?
1010
21 (base 6) to base 11
12
-1 (base 2) to base 14
-1
-1 (base 12) to base 11
-1
Convert 177 (base 8) to base 3.
11201
What is 0 (base 7) in base 2?
0
-4 (base 10) to base 15
-4
What is 1 (base 7) in base 2?
1
What is 0 (base 6) in base 7?
0
-2 (base 8) to base 12
-2
What is d (base 14) in base 3?
111
Convert -5e (base 15) to base 2.
-1011001
11 (base 15) to base 13
13
-15 (base 15) to base 7
-26
Convert -2 (base 8) to base 11.
-2
Convert -5 (base 8) to base 16.
-5
What is 0 (base 3) in base 15?
0
0 (base 10) to base 9
0
Convert 222 (base 6) to base 2.
1010110
Convert 7b (base 15) to base 4.
1310
Convert -a (base 15) to base 8.
-12
Convert -2 (base 3) to base 15.
-2
Convert 1 (base 11) to base 6.
1
25 (base 8) to base 14
17
What is 3 (base 5) in base 4?
3
What is -44 (base 6) in base 3?
-1001
What is 110100 (base 2) in base 16?
34
-5d (base 16) to base 12
-79
-157 (base 16) to base 13
-205
3 (base 10) to base 5
3
Convert -20 (base 15) to base 11.
-28
80 (base 9) to base 15
4c
What is 0 (base 2) in base 5?
0
Convert 2 (base 3) to base 5.
2
Convert 244 (base 6) to base 14.
72
-100 (base 10) to base 11
-91
What is -67 (base 14) in base 3?
-10101
Convert -89 (base 13) to base 10.
-113
Convert -162 (base 9) to base 16.
-89
What is -4 (base 12) in base 5?
-4
What is 0 (base 5) in base 14?
0
6 (base 8) to base 9
6
Convert 0 (base 13) to base 12.
0
Convert 4 (base 12) to base 3.
11
19 (base 12) to base 6
33
-8 (base 10) to base 7
-11
11 (base 5) to base 13
6
Convert -12 (base 3) to base 14.
-5
-17 (base 13) to base 7
-26
-20 (base 15) to base 4
-132
What is 0 (base 4) in base 15?
0
8 (base 15) to base 2
1000
What is -53 (base 7) in base 12?
-32
Convert 119 (base 10) to base 6.
315
-2 (base 4) to base 16
-2
What is -58 (base 11) in base 2?
-111111
What is -11 (base 11) in base 2?
-1100
Convert 11 (base 2) to base 14.
3
-12 (base 7) to base 9
-10
What is 220 (base 5) in base 12?
50
What is 3 (base 5) in base 8?
3
17 (base 10) to base 3
122
Convert -27 (base 10) to base 11.
-25
What is -60 (base 9) in base 3?
-2000
Convert -4 (base 16) to base 9.
-4
-88 (base 13) to base 15
-77
Convert -12 (base 14) to base 12.
-14
What is -1 (base 13) in base 16?
-1
What is 3 (base 11) in base 16?
3
What is 5 (base 8) in base 9?
5
Convert 1e (base 16) to base 3.
1010
Convert -3 (base 16) to base 15.
-3
What is -223 (base 5) in base 15?
-43
What is 1 (base 7) in base 10?
1
-100 (base 3) to base 14
-9
Convert -4b (base 13) to base 10.
-63
What is -2 (base 12) in base 7?
-2
What is -5 (base 12) in base 6?
-5
45 (base 12) to base 2
110101
-9 (base 14) to base 16
-9
-19 (base 13) to base 9
-24
-2 (base 5) to base 14
-2
-7 (base 16) to base 14
-7
Convert -4f (base 16) to base 3.
-2221
Convert 12b (base 13) to base 2.
11001110
Convert 5 (base 12) to base 9.
5
What is -10 (base 2) in base 3?
-2
-1 (base 13) to base 15
-1
Convert 24 (base 5) to base 14.
10
Convert 4 (base 6) to base 10.
4
Convert 40 (base 8) to base 11.
2a
Convert 3 (base 8) to base 10.
3
What is 44 (base 5) in base 2?
11000
What is c6 (base 13) in base 11?
138
Convert -2 (base 11) to base 2.
-10
0 (base 11) to base 4
0
What is 5 (base 9) in base 14?
5
Convert -1 (base 15) to base 3.
-1
What is 5 (base 8) in base 4?
11
Convert 7 (base 14) to base 12.
7
What is 10 (base 3) in base 16?
3
Convert 5 (base 7) to base 16.
5
Convert 11 (base 7) to base 4.
20
-7 (base 8) to base 16
-7
Convert -25 (base 10) to base 9.
-27
-4 (base 10) to base 4
-10
What is -16 (base 12) in base 7?
-24
What is -5 (base 9) in base 10?
-5
Convert 221 (base 4) to base 16.
29
What is -13a (base 11) in base 9?
-202
Convert 42 (base 5) to base 16.
16
102 (base 3) to base 11
10
0 (base 14) to base 12
0
Convert -10120 (base 4) to base 12.
-1b4
What is -2 (base 5) in base 14?
-2
2010 (base 3) to base 13
45
Convert -3 (base 7) to base 3.
-10
Convert 1024 (base 5) to base 8.
213
12 (base 15) to base 2
10001
What is 0 (base 9) in base 13?
0
Convert 2 (base 5) to base 14.
2
Convert -34 (base 16) to base 4.
-310
-4 (base 16) to base 12
-4
9 (base 12) to base 15
9
Convert -3 (base 14) to base 4.
-3
What is -10 (base 3) in base 4?
-3
Convert -1 (base 14) to base 2.
-1
8 (base 9) to base 3
22
What is 11 (base 13) in base 2?
1110
1103 (base 5) to base 6
413
Convert 30 (base 4) to base 9.
13
-1 (base 5) to base 6
-1
164 (base 12) to base 16
dc
Convert 10101011 (base 2) to base 15.
b6
What is 121 (base 6) in base 11?
45
44 (base 6) to base 12
24
Convert 15 (base 9) to base 11.
13
-2 (base 6) to base 8
-2
5 (base 16) to base 2
101
-101110110 (base 2) to base 5
-2444
0 (base 16) to base 9
0
-5 (base 10) to base 11
-5
17 (base 14) to base 8
25
What is 7 (base 11) in base 4?
13
What is -5 (base 9) in base 2?
-101
What is 1 (base 9) in base 2?
1
Convert -2 (base 16) to base 4.
-2
What is 17 (base 11) in base 6?
30
Convert -128 (base 9) to base 3.
-10222
Convert -26 (base 14) to base 7.
-46
What is 101 (base 3) in base 7?
13
What is -1 (base 2) in base 6?
-1
What is -100 (base 6) in base 15?
-26
What is -11210 (base 4) in base 15?
-18b
-28 (base 16) to base 12
-34
Convert 4 (base 6) to base 5.
4
Convert c8 (base 16) to base 6.
532
-14 (base 10) to base 16
-e
What is 311 (base 4) in base 14?
3b
What is 1 (base 4) in base 5?
1
-2 (base 6) to base 9
-2
Convert -2 (base 10) to base 4.
-2
Convert -2 (base 15) to base 14.
-2
-16 (base 13) to base 10
-19
4 (base 8) to base 16
4
What is 19 (base 11) in base 3?
202
Convert -32 (base 7) to base 2.
-10111
Convert -100 (base 13) to base 10.
-169
-150 (base 11) to base 12
-128
What is 1 (base 13) in base 14?
1
Convert -34 (base 6) to base